of t?
2
Let t be ((-6)/(168/595))/((-1)/(-16)). Let d = t - -613. What is the tens digit of d?
7
Suppose -144666 = 13*y - 40*y. What is the tens digit of y?
5
Let w(p) = -4*p**3 - 354*p**2 + 84*p - 282. What is the tens digit of w(-89)?
8
Let z(l) = -4*l**3 - 6*l**2 + 10*l + 21. Let g = -149 - -144. What is the tens digit of z(g)?
2
Let o be 0 - (-61 - -1)/(-4). Let y be o/2*20/(-25). Let f(w) = w**3 - 3*w**2 + 6*w - 10. What is the tens digit of f(y)?
3
Let c = -55 - -87. Suppose c*l = 26*l + 2010. What is the units digit of l?
5
Let x(h) = 11*h**2 - 114*h - 205. What is the tens digit of x(-33)?
3
Suppose 14*m + 30996 = 44*m - 21*m. What is the thousands digit of m?
3
Suppose 58528 = 4*v + 2*w, -19*w + 14611 = v - 15*w. What is the ten thousands digit of v?
1
Let n(p) = -162*p**3 - 31*p**2 + 8*p + 25. What is the hundreds digit of n(-3)?
0
Let o(u) = u**2 + 8*u - 242. Let m be o(-20). Let n = 8 - 7. What is the units digit of m/n - ((1 - 0) + -29)?
6
Let w be (91 - 19) + 1*2. Let a = w + -56. What is the tens digit of a?
1
Let b(t) = 3*t**2 + 36*t - 435. What is the hundreds digit of b(-55)?
6
What is the thousands digit of (((-184)/30)/(32/(-2480)))/(16/456)?
3
Let m(k) = 11*k + 71. Let d be m(19). Let i = 432 - d. What is the units digit of i?
2
Let x(b) = 98*b**3 + 4*b**2 - 7*b + 29. What is the thousands digit of x(5)?
2
Let v(o) = -o**3 + o**2 + 6*o + 4. Let c be v(3). Let n(m) = -1029*m + 13*m**2 + 1016*m - c + 6 - m**3. What is the tens digit of n(10)?
7
Suppose 115*l - 55*l = 65*l - 246510. What is the units digit of l?
2
Suppose -11*b - 4 = -10*b. Let h be 0/(8/b) - (-6)/2. Suppose m - 3*t - 95 = 0, h*m - 5*t = -m + 359. What is the units digit of m?
6
Let j = -18283 - -66956. What is the tens digit of j?
7
Suppose 3001 = -11*l - 2609. Let z = l - -2419. What is the hundreds digit of z?
9
What is the thousands digit of -8388*((-133)/(-38) + (-12)/3)?
4
Let h(l) = -51*l**2 + 3833*l - 133. What is the hundreds digit of h(57)?
6
Suppose -217*i + 222*i - 1005 = 0. Let z = i - -146. What is the hundreds digit of z?
3
Suppose 0 = 5*o - 2*n - 6805, -2*o - n + 907 = -1815. What is the hundreds digit of o?
3
Let z(k) = 33*k + 26. Let n(h) = 11*h + 14. Let r(t) = 11*t + 13. Let p(m) = 4*n(m) - 5*r(m). Let q(s) = -11*p(s) - 4*z(s). What is the units digit of q(-5)?
0
Suppose 5*q = -z - 2389 - 4866, -5*q + 5*z - 7285 = 0. Let b = -244 - q. What is the hundreds digit of b?
2
What is the thousands digit of (4 - (-64052)/36) + (6/27)/(-1)?
1
Let v(w) = -26*w + 12 - 1 - 5 - 4*w. What is the units digit of v(-4)?
6
Let p = -4325 - -4596. What is the hundreds digit of p?
2
Let m(d) = d**3 - 19 - 1 - 7 - 11*d**2 + 13*d + 2*d. Let v be m(11). What is the tens digit of (v/(-12))/((-2)/48)?
7
Suppose 295*w - 8345325 = 7748990. What is the ten thousands digit of w?
5
Suppose 46*q - 42*q = 12. Suppose -o + 2368 = 6*y - q*y, 2398 = 3*y - 5*o. What is the units digit of y?
1
What is the ten thousands digit of (-3)/((-6)/(-694))*(-11 + -81 + -15)?
3
Suppose 0 = a + 5*j - 25987, 3*a + 3*j - 124694 = -46781. What is the hundreds digit of a?
9
Let s(a) be the third derivative of 155*a**4/24 - 13*a**3/6 + 9*a**2 + 2*a. What is the units digit of s(2)?
7
Let k = -413 + 396. Let x(w) = 2*w**2 - 8*w - 67. What is the hundreds digit of x(k)?
6
What is the ten thousands digit of 337/(20 - (-79779)/(-3990))?
6
Suppose 0*f - 18 = -3*f. Let u(m) = 119*m - 151. What is the tens digit of u(f)?
6
Suppose 6 = 2*k - u - 1, -u = 4*k - 17. Suppose 732 + 440 = k*n. What is the tens digit of n?
9
Suppose 17977 = 2*c - z - 9026, 0 = -2*c - 2*z + 27006. What is the units digit of c?
2
Let k = 43868 + -9931. What is the hundreds digit of k?
9
Let h(l) be the second derivative of -13*l**4/12 + 11*l**3/6 - l**2 - 22*l. Let t be h(2). Let d = t + 88. What is the tens digit of d?
5
Suppose -147675 = -79*m + 650146. What is the hundreds digit of m?
0
Suppose -3*n = 5*i - 20825, 3*n - 18345 = -2*i + 2495. What is the tens digit of n?
5
Suppose 0 = -28*o + 465839 + 814041. What is the ten thousands digit of o?
4
Suppose -2*a = 3*a - 15. Let w be (-1)/(-3) - (a + 52/(-6)). Suppose w*z - 5*z = 72. What is the tens digit of z?
7
Suppose 0 = 2*d + 10 - 20. Suppose d*v - 8 = -3. What is the tens digit of (-5)/v + 150 + -6?
3
Let q(b) be the third derivative of -b**4/24 + 26*b**2. Let n be q(-3). Suppose -4*u = -d + 239, 2*d + n*u = 3*d - 234. What is the tens digit of d?
1
Suppose 0 = -x + 13 - 15. Let f be (-1)/2*(-360)/15. What is the units digit of (-9)/x*f/9?
6
Let i = 221 - -9. Suppose 3*f = 3*m + f - i, -4*m - 4*f = -300. What is the tens digit of m?
7
Suppose -42 = 6*k - 6. What is the units digit of (5/(-10) - 1)*496/k?
4
Let k be -12 - -16 - -1*18. Suppose -k*q + 1168 = -3100. What is the hundreds digit of q?
1
Let v(r) = 6*r**2 - 3*r + 898. What is the thousands digit of v(46)?
3
Let y be 0/2 - (-6)/(-2). Let t(c) = -c**2 - c - 5. Let k(w) = -4*w**2 - 2*w - 12. Let g(u) = -6*k(u) + 14*t(u). What is the tens digit of g(y)?
9
Suppose -844 = -4*v + 4*j, -2*v + 2*j = 3*v - 1052. Suppose 370 = r - v. Suppose 4*s - 9*s = -r. What is the units digit of s?
6
Suppose 0 = 3*t + 18, -7*w = -11*w + 4*t + 24484. What is the units digit of w?
5
Suppose 25218 = 4*a + 3*s, 2*a + 8*s - 12604 = 4*s. What is the thousands digit of a?
6
Suppose 3*y = -4*g - y + 108, -3*g - 5*y = -87. Let l be 57/(2/(-8) - (-9)/g). Suppose 87*x - 83*x = l. What is the units digit of x?
4
Let d = -77 - -160. Suppose -d = -4*j + 801. Suppose 5*g - j - 49 = 0. What is the units digit of g?
4
Suppose -46 = -0*o - o + 2*v, -2*o + 2*v + 82 = 0. Suppose 5*q - 4*q - x - o = 0, -2*q = -3*x - 76. What is the tens digit of q?
3
Let w(x) = -4*x + 23. Let l(i) = 1. Let h(o) = 3*l(o) + w(o). Let r be h(8). What is the tens digit of r/((54/(-12))/9)?
1
Let j = -104 + 49. Let f = -24 - j. What is the tens digit of f?
3
What is the thousands digit of (-1)/((-15)/5)*(-19)/(95/(-361650))?
4
Let u be (-6 - -7)*(1563 + 4). Let q = u - 613. What is the tens digit of q?
5
Let r = -11593 + 17703. What is the thousands digit of r?
6
What is the units digit of (-13478 + -18)/4*(1 + -2)?
4
Let p = 699 + -364. Let q be -3 - (-20)/6 - p/15. What is the tens digit of 3*(-10)/165 - 3656/q?
6
Let t be 5/(-1) - (311 - 0)*-4. Suppose -3*m + 4*j = -t, -2*m - 3*j = -8*j - 826. What is the hundreds digit of m?
4
Let z(c) = -c + 21. Let t be z(13). Suppose t + 2 = 2*l. Suppose -67 = -l*x - 5*m + 3*m, -2*m = -x + 23. What is the tens digit of x?
1
Let y(c) = 2*c**3 - 5*c + 3. Suppose 8*j - 4*j + 3*p = -565, 0 = -2*j + 5*p - 289. Let f = j - -144. What is the units digit of y(f)?
9
Let w(d) = 11255*d**2 + 1. What is the hundreds digit of w(1)?
2
Let g be 20/(-70) - 6088/7. Let p = 183 + g. What is the units digit of p/(-4) - (-2)/8?
2
Let o(k) be the first derivative of k**4/12 + 17*k**3/6 - 13*k**2/2 - 5*k - 17. Let c(g) be the first derivative of o(g). What is the units digit of c(-21)?
1
Let j(w) = -705*w - 1995. Let c(i) = -141*i - 400. Let b(a) = 11*c(a) - 2*j(a). What is the tens digit of b(-8)?
1
Let l(d) = 22*d + 269. Let v be l(60). Suppose -13 = -6*r + v. What is the hundreds digit of r?
2
Let f(z) = -z**3 + z + 231. Let j be f(0). Let k be 578/1445*15/2. Suppose -k*h - j + 714 = 0. What is the hundreds digit of h?
1
Suppose -138*g = -1961363 - 997. What is the units digit of g?
0
Let q(o) = 14*o**2 + 15*o - 3. Let z be q(-5). Suppose -a = 93 - z. What is the units digit of a?
9
Let z(v) = 42*v**3 + 32*v**2 - 65*v + 137. What is the ten thousands digit of z(10)?
4
Let p be -2 + 1 + (-31 + 1)/(-2). Suppose -p*j + 205 = -9*j. What is the tens digit of j?
4
Suppose -3 = -3*y, -98 = -3*n + 4*y + 240. Suppose -999 = -3*x - n. Let d = -51 + x. What is the hundreds digit of d?
2
Let f be -2 + (2 - -1) + (-370)/5. Let n = f + 121. What is the tens digit of n?
4
Let t be (68494/69)/(-3 + 11/3). Let u = t - -73. What is the tens digit of u?
6
Suppose 10 = -3*r + 4*u, -5*r + 0*u + 2 = -2*u. Let w be (-10 + 11)*(r + (-1 - 2)). What is the units digit of 104 + 8 - (w - 0)?
3
Suppose 3*r + 3 + 0 = 0. Let x = r - -479. What is the units digit of x?
8
Let y be (-3)/(-12)*9/(45/100). Suppose 2*d - 3076 = -3*u, y*d - 567 - 2515 = -3*u. What is the tens digit of u?